{"id":6988,"date":"2023-09-11T08:51:42","date_gmt":"2023-09-11T06:51:42","guid":{"rendered":"https:\/\/abcplyn.till.sk\/?page_id=6988"},"modified":"2025-02-10T14:16:16","modified_gmt":"2025-02-10T13:16:16","slug":"o-firme","status":"publish","type":"page","link":"https:\/\/www.abcplyn.cz\/eshop\/o-firme\/","title":{"rendered":"O firm\u011b"},"content":{"rendered":"\t\t<div data-elementor-type=\"wp-page\" data-elementor-id=\"6988\" class=\"elementor elementor-6988\">\n\t\t\t\t\t\t<section class=\"elementor-section elementor-top-section elementor-element elementor-element-7c445c9 elementor-section-boxed elementor-section-height-default elementor-section-height-default\" data-id=\"7c445c9\" data-element_type=\"section\" data-e-type=\"section\">\n\t\t\t\t\t\t<div class=\"elementor-container elementor-column-gap-default\">\n\t\t\t\t\t<div class=\"elementor-column elementor-col-100 elementor-top-column elementor-element elementor-element-07714ab\" data-id=\"07714ab\" data-element_type=\"column\" data-e-type=\"column\">\n\t\t\t<div class=\"elementor-widget-wrap elementor-element-populated\">\n\t\t\t\t\t\t<div class=\"elementor-element elementor-element-3278a29 elementor-widget elementor-widget-text-editor\" data-id=\"3278a29\" data-element_type=\"widget\" data-e-type=\"widget\" data-widget_type=\"text-editor.default\">\n\t\t\t\t<div class=\"elementor-widget-container\">\n\t\t\t\t\t\t\t\t\t<p><strong>Firma se zab\u00fdv\u00e1 velkoobchodn\u00edm a maloobchodn\u00edm prodejem plastov\u00fdch, hlin\u00edkov\u00fdch a nerezov\u00fdch kom\u00ednov\u00fdch syst\u00e9m\u016f.<\/strong> (elektronick\u00fd produktov\u00fd katalog nen\u00ed ur\u010den pro maloobchodn\u00ed prodej)<\/p>\n<p>Na z\u00e1klad\u011b Va\u0161ich po\u017eadavk\u016f n\u00e1sledn\u011b nab\u00edz\u00edme odborn\u00e9 za\u0161kolen\u00ed, technickou pomoc a cenovou kalkulaci p\u0159i dod\u00e1vk\u00e1ch kom\u00ednov\u00fdch syst\u00e9m\u016f.<\/p>\n<p><b>Zbo\u017e\u00ed nejv\u00edce pou\u017e\u00edvan\u00fdch rozm\u011br\u016f m\u00e1me k okam\u017eit\u00e9mu odb\u011bru.<\/b><\/p>\n<p>Dopravu zaji\u0161\u0165ujeme z\u00e1silkovou slu\u017ebou v r\u00e1mci cel\u00e9 \u010cR s dod\u00e1n\u00edm od 24 do 48 hodin.<\/p>\n<p><strong>P\u0159i objedn\u00e1vce nad 5000 K\u010d bez DPH &#8211; doprava po cel\u00e9 \u010cR zdarma.<\/strong><\/p>\t\t\t\t\t\t\t\t<\/div>\n\t\t\t\t<\/div>\n\t\t\t\t\t<\/div>\n\t\t<\/div>\n\t\t\t\t\t<\/div>\n\t\t<\/section>\n\t\t\t\t<section class=\"elementor-section elementor-top-section elementor-element elementor-element-061887e elementor-section-boxed elementor-section-height-default elementor-section-height-default\" data-id=\"061887e\" data-element_type=\"section\" data-e-type=\"section\">\n\t\t\t\t\t\t<div class=\"elementor-container elementor-column-gap-default\">\n\t\t\t\t\t<div class=\"elementor-column elementor-col-100 elementor-top-column elementor-element elementor-element-e53970e\" data-id=\"e53970e\" data-element_type=\"column\" data-e-type=\"column\">\n\t\t\t<div class=\"elementor-widget-wrap elementor-element-populated\">\n\t\t\t\t\t\t<div class=\"elementor-element elementor-element-eb00707 elementor-widget elementor-widget-image\" data-id=\"eb00707\" data-element_type=\"widget\" data-e-type=\"widget\" data-widget_type=\"image.default\">\n\t\t\t\t<div class=\"elementor-widget-container\">\n\t\t\t\t\t\t\t\t\t\t\t\t\t\t\t\t<a href=\"https:\/\/www.abcplyn.cz\/eshop\/\">\n\t\t\t\t\t\t\t<img fetchpriority=\"high\" decoding=\"async\" width=\"1296\" height=\"781\" src=\"https:\/\/www.abcplyn.cz\/eshop\/wp-content\/uploads\/2023\/09\/banner-cz-2023.jpg\" class=\"attachment-full size-full wp-image-6996\" alt=\"\" srcset=\"https:\/\/www.abcplyn.cz\/eshop\/wp-content\/uploads\/2023\/09\/banner-cz-2023.jpg 1296w, https:\/\/www.abcplyn.cz\/eshop\/wp-content\/uploads\/2023\/09\/banner-cz-2023-300x181.jpg 300w, https:\/\/www.abcplyn.cz\/eshop\/wp-content\/uploads\/2023\/09\/banner-cz-2023-600x362.jpg 600w, https:\/\/www.abcplyn.cz\/eshop\/wp-content\/uploads\/2023\/09\/banner-cz-2023-64x39.jpg 64w, https:\/\/www.abcplyn.cz\/eshop\/wp-content\/uploads\/2023\/09\/banner-cz-2023-768x463.jpg 768w, https:\/\/www.abcplyn.cz\/eshop\/wp-content\/uploads\/2023\/09\/banner-cz-2023-1024x617.jpg 1024w\" sizes=\"(max-width: 1296px) 100vw, 1296px\" \/>\t\t\t\t\t\t\t\t<\/a>\n\t\t\t\t\t\t\t\t\t\t\t\t\t\t\t<\/div>\n\t\t\t\t<\/div>\n\t\t\t\t\t<\/div>\n\t\t<\/div>\n\t\t\t\t\t<\/div>\n\t\t<\/section>\n\t\t\t\t<\/div>\n\t\t","protected":false},"excerpt":{"rendered":"<p>Firma se zab\u00fdv\u00e1 velkoobchodn\u00edm a maloobchodn\u00edm prodejem plastov\u00fdch, hlin\u00edkov\u00fdch a nerezov\u00fdch kom\u00ednov\u00fdch syst\u00e9m\u016f. (elektronick\u00fd produktov\u00fd katalog nen\u00ed ur\u010den pro maloobchodn\u00ed prodej) Na z\u00e1klad\u011b Va\u0161ich po\u017eadavk\u016f n\u00e1sledn\u011b nab\u00edz\u00edme odborn\u00e9 za\u0161kolen\u00ed, technickou pomoc a cenovou kalkulaci p\u0159i dod\u00e1vk\u00e1ch kom\u00ednov\u00fdch syst\u00e9m\u016f. Zbo\u017e\u00ed nejv\u00edce pou\u017e\u00edvan\u00fdch rozm\u011br\u016f m\u00e1me k okam\u017eit\u00e9mu odb\u011bru. Dopravu zaji\u0161\u0165ujeme z\u00e1silkovou slu\u017ebou v r\u00e1mci cel\u00e9 \u010cR s [&hellip;]<\/p>\n","protected":false},"author":1,"featured_media":0,"parent":0,"menu_order":0,"comment_status":"closed","ping_status":"closed","template":"","meta":{"_acf_changed":false,"footnotes":""},"class_list":["post-6988","page","type-page","status-publish","hentry"],"acf":[],"yoast_head":"<!-- This site is optimized with the Yoast SEO plugin v27.4 - https:\/\/yoast.com\/product\/yoast-seo-wordpress\/ -->\n<title>O firm\u011b - abcplyn.cz<\/title>\n<meta name=\"robots\" content=\"index, follow, max-snippet:-1, max-image-preview:large, max-video-preview:-1\" \/>\n<link rel=\"canonical\" href=\"https:\/\/www.abcplyn.cz\/eshop\/o-firme\/\" \/>\n<meta property=\"og:locale\" content=\"cs_CZ\" \/>\n<meta property=\"og:type\" content=\"article\" \/>\n<meta property=\"og:title\" content=\"O firm\u011b - abcplyn.cz\" \/>\n<meta property=\"og:description\" content=\"Firma se zab\u00fdv\u00e1 velkoobchodn\u00edm a maloobchodn\u00edm prodejem plastov\u00fdch, hlin\u00edkov\u00fdch a nerezov\u00fdch kom\u00ednov\u00fdch syst\u00e9m\u016f. (elektronick\u00fd produktov\u00fd katalog nen\u00ed ur\u010den pro maloobchodn\u00ed prodej) Na z\u00e1klad\u011b Va\u0161ich po\u017eadavk\u016f n\u00e1sledn\u011b nab\u00edz\u00edme odborn\u00e9 za\u0161kolen\u00ed, technickou pomoc a cenovou kalkulaci p\u0159i dod\u00e1vk\u00e1ch kom\u00ednov\u00fdch syst\u00e9m\u016f. Zbo\u017e\u00ed nejv\u00edce pou\u017e\u00edvan\u00fdch rozm\u011br\u016f m\u00e1me k okam\u017eit\u00e9mu odb\u011bru. Dopravu zaji\u0161\u0165ujeme z\u00e1silkovou slu\u017ebou v r\u00e1mci cel\u00e9 \u010cR s [&hellip;]\" \/>\n<meta property=\"og:url\" content=\"https:\/\/www.abcplyn.cz\/eshop\/o-firme\/\" \/>\n<meta property=\"og:site_name\" content=\"abcplyn.cz\" \/>\n<meta property=\"article:modified_time\" content=\"2025-02-10T13:16:16+00:00\" \/>\n<meta property=\"og:image\" content=\"https:\/\/www.abcplyn.cz\/eshop\/wp-content\/uploads\/2023\/09\/banner-cz-2023.jpg\" \/>\n<meta name=\"twitter:card\" content=\"summary_large_image\" \/>\n<meta name=\"twitter:label1\" content=\"Odhadovan\u00e1 doba \u010dten\u00ed\" \/>\n\t<meta name=\"twitter:data1\" content=\"1 minuta\" \/>\n<script type=\"application\/ld+json\" class=\"yoast-schema-graph\">{\"@context\":\"https:\\\/\\\/schema.org\",\"@graph\":[{\"@type\":\"WebPage\",\"@id\":\"https:\\\/\\\/www.abcplyn.cz\\\/eshop\\\/o-firme\\\/\",\"url\":\"https:\\\/\\\/www.abcplyn.cz\\\/eshop\\\/o-firme\\\/\",\"name\":\"O firm\u011b - abcplyn.cz\",\"isPartOf\":{\"@id\":\"https:\\\/\\\/www.abcplyn.cz\\\/eshop\\\/#website\"},\"primaryImageOfPage\":{\"@id\":\"https:\\\/\\\/www.abcplyn.cz\\\/eshop\\\/o-firme\\\/#primaryimage\"},\"image\":{\"@id\":\"https:\\\/\\\/www.abcplyn.cz\\\/eshop\\\/o-firme\\\/#primaryimage\"},\"thumbnailUrl\":\"https:\\\/\\\/www.abcplyn.cz\\\/eshop\\\/wp-content\\\/uploads\\\/2023\\\/09\\\/banner-cz-2023.jpg\",\"datePublished\":\"2023-09-11T06:51:42+00:00\",\"dateModified\":\"2025-02-10T13:16:16+00:00\",\"breadcrumb\":{\"@id\":\"https:\\\/\\\/www.abcplyn.cz\\\/eshop\\\/o-firme\\\/#breadcrumb\"},\"inLanguage\":\"cs\",\"potentialAction\":[{\"@type\":\"ReadAction\",\"target\":[\"https:\\\/\\\/www.abcplyn.cz\\\/eshop\\\/o-firme\\\/\"]}]},{\"@type\":\"ImageObject\",\"inLanguage\":\"cs\",\"@id\":\"https:\\\/\\\/www.abcplyn.cz\\\/eshop\\\/o-firme\\\/#primaryimage\",\"url\":\"https:\\\/\\\/www.abcplyn.cz\\\/eshop\\\/wp-content\\\/uploads\\\/2023\\\/09\\\/banner-cz-2023.jpg\",\"contentUrl\":\"https:\\\/\\\/www.abcplyn.cz\\\/eshop\\\/wp-content\\\/uploads\\\/2023\\\/09\\\/banner-cz-2023.jpg\",\"width\":1296,\"height\":781},{\"@type\":\"BreadcrumbList\",\"@id\":\"https:\\\/\\\/www.abcplyn.cz\\\/eshop\\\/o-firme\\\/#breadcrumb\",\"itemListElement\":[{\"@type\":\"ListItem\",\"position\":1,\"name\":\"Domovsk\u00e1 str\u00e1nka\",\"item\":\"https:\\\/\\\/www.abcplyn.cz\\\/eshop\\\/\"},{\"@type\":\"ListItem\",\"position\":2,\"name\":\"O firm\u011b\"}]},{\"@type\":\"WebSite\",\"@id\":\"https:\\\/\\\/www.abcplyn.cz\\\/eshop\\\/#website\",\"url\":\"https:\\\/\\\/www.abcplyn.cz\\\/eshop\\\/\",\"name\":\"abcplyn.cz\",\"description\":\"Kom\u00ednov\u00fd syst\u00e9m\",\"publisher\":{\"@id\":\"https:\\\/\\\/www.abcplyn.cz\\\/eshop\\\/#organization\"},\"potentialAction\":[{\"@type\":\"SearchAction\",\"target\":{\"@type\":\"EntryPoint\",\"urlTemplate\":\"https:\\\/\\\/www.abcplyn.cz\\\/eshop\\\/?s={search_term_string}\"},\"query-input\":{\"@type\":\"PropertyValueSpecification\",\"valueRequired\":true,\"valueName\":\"search_term_string\"}}],\"inLanguage\":\"cs\"},{\"@type\":\"Organization\",\"@id\":\"https:\\\/\\\/www.abcplyn.cz\\\/eshop\\\/#organization\",\"name\":\"abcplyn.cz\",\"url\":\"https:\\\/\\\/www.abcplyn.cz\\\/eshop\\\/\",\"logo\":{\"@type\":\"ImageObject\",\"inLanguage\":\"cs\",\"@id\":\"https:\\\/\\\/www.abcplyn.cz\\\/eshop\\\/#\\\/schema\\\/logo\\\/image\\\/\",\"url\":\"https:\\\/\\\/www.abcplyn.cz\\\/eshop\\\/wp-content\\\/uploads\\\/2023\\\/06\\\/abc-logo-2021-small.jpg\",\"contentUrl\":\"https:\\\/\\\/www.abcplyn.cz\\\/eshop\\\/wp-content\\\/uploads\\\/2023\\\/06\\\/abc-logo-2021-small.jpg\",\"width\":250,\"height\":60,\"caption\":\"abcplyn.cz\"},\"image\":{\"@id\":\"https:\\\/\\\/www.abcplyn.cz\\\/eshop\\\/#\\\/schema\\\/logo\\\/image\\\/\"}}]}<\/script>\n<!-- \/ Yoast SEO plugin. -->","yoast_head_json":{"title":"O firm\u011b - abcplyn.cz","robots":{"index":"index","follow":"follow","max-snippet":"max-snippet:-1","max-image-preview":"max-image-preview:large","max-video-preview":"max-video-preview:-1"},"canonical":"https:\/\/www.abcplyn.cz\/eshop\/o-firme\/","og_locale":"cs_CZ","og_type":"article","og_title":"O firm\u011b - abcplyn.cz","og_description":"Firma se zab\u00fdv\u00e1 velkoobchodn\u00edm a maloobchodn\u00edm prodejem plastov\u00fdch, hlin\u00edkov\u00fdch a nerezov\u00fdch kom\u00ednov\u00fdch syst\u00e9m\u016f. (elektronick\u00fd produktov\u00fd katalog nen\u00ed ur\u010den pro maloobchodn\u00ed prodej) Na z\u00e1klad\u011b Va\u0161ich po\u017eadavk\u016f n\u00e1sledn\u011b nab\u00edz\u00edme odborn\u00e9 za\u0161kolen\u00ed, technickou pomoc a cenovou kalkulaci p\u0159i dod\u00e1vk\u00e1ch kom\u00ednov\u00fdch syst\u00e9m\u016f. Zbo\u017e\u00ed nejv\u00edce pou\u017e\u00edvan\u00fdch rozm\u011br\u016f m\u00e1me k okam\u017eit\u00e9mu odb\u011bru. Dopravu zaji\u0161\u0165ujeme z\u00e1silkovou slu\u017ebou v r\u00e1mci cel\u00e9 \u010cR s [&hellip;]","og_url":"https:\/\/www.abcplyn.cz\/eshop\/o-firme\/","og_site_name":"abcplyn.cz","article_modified_time":"2025-02-10T13:16:16+00:00","og_image":[{"url":"https:\/\/www.abcplyn.cz\/eshop\/wp-content\/uploads\/2023\/09\/banner-cz-2023.jpg","type":"","width":"","height":""}],"twitter_card":"summary_large_image","twitter_misc":{"Odhadovan\u00e1 doba \u010dten\u00ed":"1 minuta"},"schema":{"@context":"https:\/\/schema.org","@graph":[{"@type":"WebPage","@id":"https:\/\/www.abcplyn.cz\/eshop\/o-firme\/","url":"https:\/\/www.abcplyn.cz\/eshop\/o-firme\/","name":"O firm\u011b - abcplyn.cz","isPartOf":{"@id":"https:\/\/www.abcplyn.cz\/eshop\/#website"},"primaryImageOfPage":{"@id":"https:\/\/www.abcplyn.cz\/eshop\/o-firme\/#primaryimage"},"image":{"@id":"https:\/\/www.abcplyn.cz\/eshop\/o-firme\/#primaryimage"},"thumbnailUrl":"https:\/\/www.abcplyn.cz\/eshop\/wp-content\/uploads\/2023\/09\/banner-cz-2023.jpg","datePublished":"2023-09-11T06:51:42+00:00","dateModified":"2025-02-10T13:16:16+00:00","breadcrumb":{"@id":"https:\/\/www.abcplyn.cz\/eshop\/o-firme\/#breadcrumb"},"inLanguage":"cs","potentialAction":[{"@type":"ReadAction","target":["https:\/\/www.abcplyn.cz\/eshop\/o-firme\/"]}]},{"@type":"ImageObject","inLanguage":"cs","@id":"https:\/\/www.abcplyn.cz\/eshop\/o-firme\/#primaryimage","url":"https:\/\/www.abcplyn.cz\/eshop\/wp-content\/uploads\/2023\/09\/banner-cz-2023.jpg","contentUrl":"https:\/\/www.abcplyn.cz\/eshop\/wp-content\/uploads\/2023\/09\/banner-cz-2023.jpg","width":1296,"height":781},{"@type":"BreadcrumbList","@id":"https:\/\/www.abcplyn.cz\/eshop\/o-firme\/#breadcrumb","itemListElement":[{"@type":"ListItem","position":1,"name":"Domovsk\u00e1 str\u00e1nka","item":"https:\/\/www.abcplyn.cz\/eshop\/"},{"@type":"ListItem","position":2,"name":"O firm\u011b"}]},{"@type":"WebSite","@id":"https:\/\/www.abcplyn.cz\/eshop\/#website","url":"https:\/\/www.abcplyn.cz\/eshop\/","name":"abcplyn.cz","description":"Kom\u00ednov\u00fd syst\u00e9m","publisher":{"@id":"https:\/\/www.abcplyn.cz\/eshop\/#organization"},"potentialAction":[{"@type":"SearchAction","target":{"@type":"EntryPoint","urlTemplate":"https:\/\/www.abcplyn.cz\/eshop\/?s={search_term_string}"},"query-input":{"@type":"PropertyValueSpecification","valueRequired":true,"valueName":"search_term_string"}}],"inLanguage":"cs"},{"@type":"Organization","@id":"https:\/\/www.abcplyn.cz\/eshop\/#organization","name":"abcplyn.cz","url":"https:\/\/www.abcplyn.cz\/eshop\/","logo":{"@type":"ImageObject","inLanguage":"cs","@id":"https:\/\/www.abcplyn.cz\/eshop\/#\/schema\/logo\/image\/","url":"https:\/\/www.abcplyn.cz\/eshop\/wp-content\/uploads\/2023\/06\/abc-logo-2021-small.jpg","contentUrl":"https:\/\/www.abcplyn.cz\/eshop\/wp-content\/uploads\/2023\/06\/abc-logo-2021-small.jpg","width":250,"height":60,"caption":"abcplyn.cz"},"image":{"@id":"https:\/\/www.abcplyn.cz\/eshop\/#\/schema\/logo\/image\/"}}]}},"_links":{"self":[{"href":"https:\/\/www.abcplyn.cz\/eshop\/wp-json\/wp\/v2\/pages\/6988","targetHints":{"allow":["GET"]}}],"collection":[{"href":"https:\/\/www.abcplyn.cz\/eshop\/wp-json\/wp\/v2\/pages"}],"about":[{"href":"https:\/\/www.abcplyn.cz\/eshop\/wp-json\/wp\/v2\/types\/page"}],"author":[{"embeddable":true,"href":"https:\/\/www.abcplyn.cz\/eshop\/wp-json\/wp\/v2\/users\/1"}],"replies":[{"embeddable":true,"href":"https:\/\/www.abcplyn.cz\/eshop\/wp-json\/wp\/v2\/comments?post=6988"}],"version-history":[{"count":17,"href":"https:\/\/www.abcplyn.cz\/eshop\/wp-json\/wp\/v2\/pages\/6988\/revisions"}],"predecessor-version":[{"id":9738,"href":"https:\/\/www.abcplyn.cz\/eshop\/wp-json\/wp\/v2\/pages\/6988\/revisions\/9738"}],"wp:attachment":[{"href":"https:\/\/www.abcplyn.cz\/eshop\/wp-json\/wp\/v2\/media?parent=6988"}],"curies":[{"name":"wp","href":"https:\/\/api.w.org\/{rel}","templated":true}]}}